nvert -8352 (base 13) to base 12.
-a606
Convert 164 (base 14) to base 16.
11c
What is 3273 (base 8) in base 5?
23343
-13b6e (base 16) to base 15
-18dd5
What is -15104 (base 6) in base 3?
-10022111
What is -1011222 (base 5) in base 14?
-5dc1
What is 11313 (base 5) in base 14?
437
What is 14621 (base 14) in base 4?
30112211
Convert 4518 (base 13) to base 4.
2112312
-39485 (base 11) to base 12
-28827
Convert -604b (base 12) to base 6.
-120135
What is a493 (base 15) in base 14?
c96c
-856 (base 13) to base 6
-10331
-2223112 (base 4) to base 3
-120001011
-124ca (base 16) to base 4
-102103022
Convert -177 (base 11) to base 12.
-151
What is -80b (base 13) in base 7?
-3655
Convert 120010 (base 3) to base 5.
3113
Convert -14b6 (base 12) to base 9.
-3313
Convert 996 (base 15) to base 13.
ca8
-20105 (base 6) to base 3
-10121112
What is 230255 (base 6) in base 2?
100110001011011
Convert 695e (base 15) to base 7.
122126
Convert 8b9 (base 12) to base 8.
2415
What is -310a3 (base 11) in base 8?
-130467
What is 131203 (base 5) in base 8?
12072
2012 (base 5) to base 14
145
Convert -2021 (base 3) to base 4.
-331
Convert 35224 (base 6) to base 12.
2b14
Convert e1 (base 15) to base 3.
21211
62076 (base 9) to base 5
2302033
What is 12bc0 (base 13) in base 10?
34970
Convert -1104341 (base 6) to base 3.
-2211000221
What is 3541 (base 6) in base 13?
508
161 (base 13) to base 9
305
22104 (base 5) to base 13
908
What is -806 (base 10) in base 2?
-1100100110
-376 (base 13) to base 10
-604
-1240 (base 8) to base 4
-22200
Convert -34624 (base 8) to base 13.
-692b
Convert -38bd (base 14) to base 3.
-111200011
Convert -1555 (base 9) to base 13.
-701
-4222 (base 11) to base 12
-329a
1c6 (base 15) to base 14
215
f52 (base 16) to base 7
14302
-1001120221 (base 3) to base 15
-6297
631 (base 10) to base 9
771
-639 (base 14) to base 16
-4cb
6651 (base 7) to base 12
1470
What is b581 (base 13) in base 4?
12020131
What is -53801 (base 9) in base 11?
-24861
-816 (base 10) to base 2
-1100110000
Convert 7644 (base 9) to base 15.
1a04
Convert -17047 (base 8) to base 16.
-1e27
-b166 (base 12) to base 3
-222101020
What is 971 (base 11) in base 12?
813
Convert -455 (base 13) to base 11.
-619
What is -255 (base 8) in base 12?
-125
Convert 3018 (base 9) to base 2.
100010011100
Convert a88 (base 16) to base 5.
41241
Convert 62356 (base 7) to base 10.
15280
Convert -100 (base 13) to base 10.
-169
What is -23306 (base 7) in base 10?
-5984
Convert -24536 (base 10) to base 2.
-101111111011000
What is -a391 (base 14) in base 4?
-12313323
-33711 (base 8) to base 14
-52c1
Convert -966 (base 14) to base 5.
-24404
What is 40203 (base 7) in base 8?
22751
Convert -120102120 (base 3) to base 6.
-124023
What is 4a5b (base 12) in base 10?
8423
Convert -726 (base 15) to base 6.
-11243
25364 (base 8) to base 6
122524
What is -123561 (base 8) in base 6?
-530241
What is -625 (base 9) in base 3?
-200212
What is -612b (base 13) in base 10?
-13388
Convert 3a15 (base 12) to base 3.
100002222
Convert -10100201 (base 4) to base 13.
-7c28
12548 (base 14) to base 8
127624
94 (base 15) to base 11
117
What is -12012 (base 3) in base 8?
-214
Convert 1411 (base 6) to base 2.
101101111
646 (base 16) to base 12
b1a
What is -144b0 (base 12) in base 14?
-a496
What is -54f (base 16) in base 5?
-20414
220002 (base 3) to base 7
1616
21021011 (base 3) to base 6
40304
What is 4287 (base 9) in base 10?
3157
-47463 (base 9) to base 16
-7bf0
3147 (base 8) to base 14
851
2312b (base 12) to base 3
2101020122
Convert -10012202 (base 3) to base 8.
-4446
What is -b (base 13) in base 2?
-1011
Convert -53501 (base 6) to base 16.
-1c8d
What is 221 (base 3) in base 14?
1b
What is 5d (base 16) in base 8?
135
10001011100 (base 2) to base 13
67b
What is -21310 (base 4) in base 13?
-394
Convert 1012121211 (base 3) to base 6.
302034
Convert -308 (base 15) to base 12.
-48b
Convert 972 (base 11) to base 8.
2220
-161 (base 16) to base 3
-111002
4944 (base 15) to base 16
3ce5
What is -4b0 (base 12) in base 7?
-2031
Convert -21111112 (base 3) to base 9.
-7445
-1b41 (base 14) to base 4
-1031131
What is 2702 (base 13) in base 11?
4212
Convert -20021210 (base 3) to base 8.
-10750
Convert 43 (base 11) to base 15.
32
709 (base 15) to base 12
b00
What is 914 (base 13) in base 2?
11000000010
10111100111 (base 2) to base 12
a5b
-133213 (base 4) to base 3
-2202221
Convert -247 (base 13) to base 5.
-3042
Convert -e6a0 (base 15) to base 16.
-be6e
1401 (base 6) to base 10
361
What is 112001 (base 4) in base 7?
4052
What is 1222300 (base 4) in base 5?
204312
What is 7268 (base 10) in base 14?
2912
-1967 (base 13) to base 15
-11d8
Convert -4764 (base 11) to base 14.
-23bb
Convert 10507 (base 9) to base 12.
4051
Convert -850 (base 14) to base 10.
-1638
Convert -302 (base 16) to base 2.
-1100000010
What is 1028 (base 16) in base 14?
1716
What is -2ee (base 16) in base 5?
-11000
-2157 (base 8) to base 10
-1135
-24004 (base 6) to base 2
-110110000100
What is 616 (base 14) in base 12?
838
Convert 17606 (base 12) to base 13.
12456
Convert -21396 (base 10) to base 13.
-997b
Convert -40230 (base 5) to base 7.
-10323
Convert -4b9 (base 16) to base 13.
-720
What is 4990 (base 12) in base 14?
3060
Convert 2184 (base 9) to base 13.
973
-102220 (base 3) to base 16
-141
2cc (base 15) to base 16
282
What is -112b6 (base 13) in base 4?
-13220031
What is -82b (base 14) in base 12?
-b1b
Convert -a0c (base 13) to base 7.
-4651
What is 294a (base 12) in base 11?
3683
Convert -677 (base 9) to base 4.
-20230
-34ba (base 14) to base 9
-13530
Convert 45153 (base 7) to base 8.
26216
13121 (base 4) to base 10
473
Convert -2948 (base 10) to base 12.
-1858
What is 3021 (base 5) in base 11?
321
4334 (base 5) to base 11
4a0
Convert -23115 (base 6) to base 11.
-2519
Convert -356 (base 14) to base 11.
-554
Convert 53284 (base 10) to base 3.
2201002111
27345 (base 11) to base 5
2222021
What is 1278 (base 9) in base 12?
682
What is -2235 (base 8) in base 13?
-6cb
Convert 38 (base 13) to base 11.
43
What is b49 (base 15) in base 13?
1209
442 (base 5) to base 2
1111010
Convert -19c (base 13) to base 2.
-100101010
What is -477 (base 9) in base 14?
-202
What is 120212211 (base 3) in base 12?
684a
Convert 11011100001 (base 2) to base 13.
a56
-2003232 (base 4) to base 7
-33402
121 (base 7) to base 11
59
Convert -1396 (base 12) to base 3.
-10010020
-649 (base 10) to base 7
-1615
12034 (base 7) to base 4
300220
5755 (base 12) to base 16
25f1
Convert 1267 (base 13) to base 9.
3531
What is -5b (base 14) in base 9?
-100
What is 5707 (base 9) in base 12?
2537
What is -101100101 (base 2) in base 14?
-1b7
What is 333 (base 8) in base 4?
3123
What is -707a (base 11) in base 16?
-24bc
What is -112211222 (base 3) in base 4?
-2221022
Convert -204 (base 15) to base 6.
-2034
What is 1601 (base 15) in base 4?
1021312
Convert 11020202 (base 3) to base 15.
db8
Convert 8d1 (base 15) to base 7.
5551
What is 1387 (base 11) in base 8?
3375
What is -10033 (base 4) in base 12?
-1a7
-1110001 (base 2) to base 3
-11012
Convert b9f5 (base 16) to base 5.
3010410
What is 5435 (base 7) in base 8?
3621
Convert -25 (base 8) to base 11.
-1a
What is -1589 (base 11) in base 6?
-13225
Convert -30181 (base 9) to base 5.
-1113322
-68e (base 15) to base 2
-10111001100
Convert 125 (base 9) to base 16.
68
What is 124145 (base 6) in base 13?
51b0
Convert 16212 (base 10) to base 4.
3331110
-1223134 (base 5) to base 3
-1012022000
-1cc (base 16) to base 11
-389
Convert 110201002 (base 3) to base 2.
10010000101111
-712 (base 12) to base 4
-33332
What is -174 (base 16) in base 14?
-1c8
-1c0d (base 14) to base 7
-20616
Convert 6909 (base 11) to base 5.
242314
-55534 (base 6) to base 5
-222022
What is 12033110 (base 4) in base 7?
134336
2220202020 (base 3) to base 16
e040
-10674 (base 9) to base 6
-52534
3115 (base 8) to base 6
11245
Convert -1441 (base 7) to base 14.
-2c8
1425124 (base 6) to base 4
103321030
Convert 8015 (base 13) to base 16.
44ba
Convert 623 (base 10) to base 4.
21233
What is 14262 (base 16) in base 9?
135180
What is -103332 (base 4) in base 9?
-1670
53b6 (base 14) to base 2
11100010000100
Convert -754 (base 11) to base 2.
-1110001010
-a07 (base 13) to base 11
-1303
What is 6464 (base 8) in base 16?
d34
-5587 (base 11) to base 16